)/(-6) + (-23070)/(-90). Suppose -d = 2*a - 127, 27*a - v = 23*a + d. List the prime factors of a.
2
Let n(s) = 4*s**3 - 3*s**2 + 5*s - 68. Let a be n(6). Let t = -292 + a. What are the prime factors of t?
2, 3, 71
Let t(n) = 50*n - 586. List the prime factors of t(26).
2, 3, 7, 17
Suppose -3*z - 9673 = -18*b + 17*b, 0 = 2*z + 2. List the prime factors of b.
2, 5, 967
Let y(g) = 939*g**2 - 1. Let d be y(-1). Suppose 0 = 3*c - d + 3698. List the prime factors of c/(-16) + 2/4.
2, 29
Let r(i) = 2*i**2 - 49*i - 3912. List the prime factors of r(-63).
3, 2371
Suppose 106 + 452 = -31*x. List the prime factors of (-2 + 280/6)/(x/(-270)).
2, 5, 67
Suppose 3*z + 2*n - 6 = 0, -5*n = -z - 8*n + 2. Suppose 4*c = -2*i + 692, -z*i - 2*c + 6*c + 676 = 0. What are the prime factors of i?
2, 3, 19
Suppose -v - 25 = 4*j, v - 23 = 29*j - 25*j. Let k(s) = 0 + s - 304*s**3 + 0. What are the prime factors of k(v)?
3, 101
Let h(g) = 483*g + 14380. List the prime factors of h(45).
5, 31, 233
Let b(n) = -20*n**2 - 1166*n - 43. What are the prime factors of b(-42)?
13649
Suppose 149103 - 9675 = 3*v. What are the prime factors of v?
2, 3, 1291
Let q = 50624 + -34575. What are the prime factors of q?
11, 1459
Suppose 3*b - 1725 = 12*s - 17*s, 5*b + 1765 = 5*s. Suppose 0 = -2*a - 0*a + s. What are the prime factors of a?
2, 3, 29
Let z = -86 + 94. Let u(y) = -y**3 + 6*y**2 + 26*y + 11. What are the prime factors of u(z)?
7, 13
Let q be 6*(-2)/(-2)*(4 + -2). Suppose 7*p + 20 = q*p. Suppose -324 = 5*y - c - 1511, p*c + 464 = 2*y. List the prime factors of y.
2, 7, 17
Suppose -12*r - 74 = -122. Suppose r*q - 347 - 173 = 0. List the prime factors of q.
2, 5, 13
Let s(x) = x**2 + 5*x - 23. Let c be s(-7). Let l = 75 - c. List the prime factors of l.
2, 3, 7
Let f(q) = q**3 + 10*q**2 + 4. Let m be f(-10). Suppose 0 = -0*l + 2*l - 6. Suppose 0 = m*y + 2*h - 164, 0 = y + l*y - 2*h - 172. List the prime factors of y.
2, 3, 7
Suppose -j - 2*z + 42 = 0, 66 + 33 = 2*j + z. List the prime factors of j + 2 - 4/((-4)/(-3)).
3, 17
Let o(v) = -v**3 + 9*v**2 - 2*v - 11. Let a be o(8). Suppose 0 = -8*q + 35 + a. Suppose 2*c - q*c = -448. List the prime factors of c.
2
Let a(s) = -s**3 + 12*s**2 + 4*s + 134. Let w be a(13). Suppose -3*r - w*r = -2720. What are the prime factors of r?
2, 17
Suppose -184 = -l + d, 35*d - 344 = -2*l + 33*d. What are the prime factors of l?
2, 89
Suppose 88*u = 148*u - 85*u + 160825. List the prime factors of u.
7, 919
Suppose -8*d + 100*d - 446016 = 0. List the prime factors of d.
2, 3, 101
Let b = -23 + 3. Let j be -10*5/b*2. Suppose 3*u = r - 88, j*r - r - u = 319. What are the prime factors of r?
79
Let y(z) = z**2 - 4*z - 7. Let w be y(5). Let u(v) = -199*v - 22. What are the prime factors of u(w)?
2, 47
Suppose -98*q - 5 = -99*q. Suppose q*z = -218 + 768. List the prime factors of z.
2, 5, 11
Let x = 49 - 16. Suppose x = 3*m - 12. Suppose 55 = 20*c - m*c. List the prime factors of c.
11
Let w be (1/(-3))/((-5)/(-30)). Let l be w + (-3)/(-5) - (-2)/5. What are the prime factors of (-3)/l + (26 - -2) + 2?
3, 11
Suppose -3*h + 309 = 3*o + 1119, -3*h - 835 = -2*o. Let r = h - -783. List the prime factors of r.
2, 127
Suppose 3*z = -q + 3015, -4*q = 57*z - 59*z - 12018. List the prime factors of q.
2, 3, 167
What are the prime factors of 175649*4/27 - (-1068)/(-14418)?
2, 3, 4337
Suppose -1558072 - 4828464 - 1484288 = -351*u. What are the prime factors of u?
2, 2803
Let q be 1*(0 + 10)*12/24. Let k be (-2)/q + (-4)/((-100)/135). Suppose k*n + 5*a = 170, 3*n + 3*a = -a + 101. What are the prime factors of n?
5, 7
Let l be 11 - -3*(1 - 0). Let k be (-48)/72 + (4/3)/2. Suppose -l*y + 6*y + 608 = k. List the prime factors of y.
2, 19
Suppose 0 = -15757*i + 15727*i + 774780. What are the prime factors of i?
2, 37, 349
Let k(n) be the second derivative of -n**5/20 + 7*n**4/12 + n**3 - 5*n**2 + 13*n. Let m be k(10). Let g = -173 - m. What are the prime factors of g?
7, 11
Let a be 2/4 - 2/((-24)/42). Let t(o) = 115*o + 117*o - 227*o + a*o**2 + 20. What are the prime factors of t(6)?
2, 97
Suppose -13*t + 63209 - 5940 = -4299. List the prime factors of t.
2, 37
Let g(f) = -775 - 85*f**3 + 384 + 2*f**2 - 12*f**3 + 390. List the prime factors of g(-1).
2, 7
Let h(u) be the first derivative of u**4/4 - 16*u**3/3 + 13*u**2 + 12*u + 15. What are the prime factors of h(16)?
2, 107
Suppose 4*b - 62 = -6. Suppose -3*v = -2*n - b, 3 = 2*n + v + 25. What are the prime factors of ((-198)/(-4) + 1)*(12 + n)?
101
Let l(v) = -v**3 - 8*v**2 - 8*v. Suppose 0 = -5*d - 2 - 33. Let o be l(d). Let y(n) = -2*n**3 + 17*n**2 - 5*n - 10. What are the prime factors of y(o)?
2, 3, 17
List the prime factors of 173601/19 + 718/6821.
9137
Let b(l) = -36*l**2 - l + 42*l**2 + l**3 + 17 - 3*l. What are the prime factors of b(-6)?
41
Let h = -235 + -117. Let j = 82 - h. What are the prime factors of j?
2, 7, 31
Let i be (-2 + 10)*310/(-40). Let r(g) = 113*g**2 - 2*g + 1. Let x be r(1). Let z = x + i. What are the prime factors of z?
2, 5
Suppose i = -3*o + 21, 0 = 5*i - o - 9 - 16. List the prime factors of (-44)/10*(-165)/i.
11
Let c = -2854 + 7657. What are the prime factors of c?
3, 1601
Let f(o) = -443*o + 7981. List the prime factors of f(-21).
2, 29, 149
Let k = 51 - -13. Suppose -3*a + k = -4*b, -b = -4*a - 0*b + 107. List the prime factors of (-229)/(-2) + 14/a.
5, 23
Let i = -43072 - -68710. List the prime factors of i.
2, 3, 4273
Let i = 101 + -189. Suppose 0 = 5*c + 2 - 7. Let v = c - i. List the prime factors of v.
89
Let h be 18 - 10/5 - 5. Suppose 5*l + j - 1762 = 0, 8*l = h*l + 5*j - 1066. List the prime factors of l.
2, 11
Let c(k) = -20*k**3 - 18*k**2 - 24*k - 42. What are the prime factors of c(-8)?
2, 31, 149
Let c(p) be the third derivative of -5*p**4/12 - 17*p**3/6 - p**2. Let o = -449 - -443. What are the prime factors of c(o)?
43
What are the prime factors of (-45708)/(-6) - (-1)/(-6)*6?
3, 2539
Suppose -q = 3*r - 4*r + 6987, r - 3*q - 6993 = 0. What are the prime factors of r?
2, 3, 97
Let x be (502 + -1)/((-9)/(-6)). Suppose x = 3*m - 467. Let g = m + -113. List the prime factors of g.
2, 7, 11
Let t be (-33)/(-2) - 25/10. Let h(i) = -3 + 335*i + 3*i**2 - t - 345*i + 2. List the prime factors of h(10).
5, 37
Suppose 2*g - 7268 = -y + 5512, g = -2*y + 6396. What are the prime factors of g?
2, 1597
Let r(g) = 28*g**3 - 10*g**2 + 37*g + 28. List the prime factors of r(11).
36493
Let c(y) = -16*y**2 + 86*y + 64. Let w(p) = -3*p**2 + 17*p + 13. Let d(o) = -2*c(o) + 11*w(o). Suppose 0 = 32*v - 36*v + 48. List the prime factors of d(v).
3, 17
Let n(v) = 1727*v - 85. Suppose -842 = 4*r - 846. List the prime factors of n(r).
2, 821
Let q(v) = 79*v**3 - 3*v**2 - 43*v + 311. What are the prime factors of q(5)?
2, 1237
Suppose 0 = -4*f + 11 - 3. Suppose 2*d - 3136 = 2*k + 510, -d + f*k = -1826. Suppose 11*t - 105 = d. List the prime factors of t.
5, 7
Let u = -111 - -114. Suppose -4*l - n = -2 - 24, 0 = 2*l - u*n - 20. List the prime factors of l.
7
Let k = 8 - -70. Suppose -4*i = i. Suppose -6*f + 4*f + k = i. What are the prime factors of f?
3, 13
Let d(c) = 27*c**2 + 43*c - 197. What are the prime factors of d(11)?
3, 1181
Suppose 21*o + 2171 = -3478. Let a = o - -474. What are the prime factors of a?
5, 41
Suppose -4*g = 8, -2*v + 8*g - 6*g - 16 = 0. List the prime factors of v/8*6*364/(-7).
2, 3, 5, 13
Suppose -24*y = -4*y - 4240. Suppose 4892 - y = 12*c. List the prime factors of c.
2, 3, 5, 13
Let b(l) = 2*l**2 - l - 3. Suppose 0 = -5*g - 3*c + 9, g - 5*c + 2*c + 9 = 0. Suppose g*s + 4*s - 12 = 0. List the prime factors of b(s).
2, 3
Let m(n) = n. Let t(v) = 9*v - 33. Let y(u) = 5*m(u) - t(u). Let p be y(6). Suppose 5*s = 3*o + 649, 2*o = -p*s + 4*s + 634. List the prime factors of s.
2
Let i(k) = k**3 + 30*k**2 - 31*k + 92. What are the prime factors of i(-19)?
2, 1163
Let v(i) = -677*i**2 + 1351*i**2 + 8*i + 19 - 673*i**2. What are the prime factors of v(-6)?
7
Suppose -21*k + 170387 = -358708. List the prime factors of k.
5, 5039
Let y = -3647 + 14805. What are the prime factors of y?
2, 7, 797
Let f be (-11)/((-66)/12) + -1. List the prime factors of 9 - 7 - (-396 + f).
397
Suppose 24*l - 44*l + 74120 = 0. List the prime factors of l.
2, 17, 109
Let n = -42 + 34. Let h be